1100001
Convert -134a05 (base 12) to base 11.
-1a8a71
What is 111022020000 (base 3) in base 13?
92271
Convert -14220502 (base 6) to base 4.
-1312120112
1110131411 (base 5) to base 11
1408580
-3756a (base 13) to base 6
-2104111
What is -41326011 (base 7) in base 5?
-1342002420
-310321112 (base 4) to base 12
-a5472
What is -617144 (base 9) in base 15?
-73704
Convert 11101100001111001100110 (base 2) to base 3.
112120021200211
-1010110010110101011 (base 2) to base 16
-565ab
360206 (base 8) to base 12
5b232
-102203230 (base 4) to base 14
-1d9b6
1354808 (base 9) to base 13
201110
-13413220 (base 5) to base 14
-386d2
-2155341 (base 7) to base 15
-53c36
What is -401311 (base 8) in base 5?
-13204120
Convert 88a93 (base 11) to base 5.
13112323
-463989 (base 14) to base 10
-2391909
What is -13452045 (base 6) in base 10?
-457949
-2024232 (base 6) to base 2
-10111101001011100
Convert -6675617 (base 8) to base 7.
-21211013
Convert 4a3e15 (base 15) to base 9.
6621312
What is -16584730 (base 9) in base 11?
-47750a5
What is -164b7a5 (base 13) in base 10?
-7194296
What is 220577b (base 12) in base 3?
110012012000212
What is -12ba38 (base 13) in base 2?
-1101110111010101111
534212 (base 6) to base 3
2012221222
-10111100111000010 (base 2) to base 13
-3502c
Convert -880818 (base 10) to base 8.
-3270262
What is 523633 (base 7) in base 4?
112001020
-9c2ec3 (base 15) to base 10
-7451958
What is -1210112332 (base 4) in base 10?
-411070
Convert -a3306 (base 13) to base 7.
-2326252
What is 157d62a (base 15) in base 6?
1314030404
What is 264310611 (base 7) in base 2?
1000000110101000100010100
10322030011 (base 4) to base 2
100111010001100000101
What is 15201014 (base 6) in base 15?
a6b14
Convert -254301 (base 7) to base 11.
-32464
What is -122021202221121 (base 3) in base 10?
-9187549
Convert -202230552 (base 6) to base 16.
-34fb44
2753d (base 14) to base 2
10111101100110011
Convert -248169 (base 10) to base 11.
-15a4a9
2625651 (base 7) to base 6
11203523
774056 (base 9) to base 4
1300312131
-331112121 (base 4) to base 9
-422630
Convert 1dc6a8 (base 16) to base 15.
2882d5
What is 18308881 (base 10) in base 4?
1011311330101
8871850 (base 9) to base 5
2210140034
What is -1128712 (base 11) in base 3?
-10201020222222
Convert 130531 (base 11) to base 6.
4223525
Convert 344670 (base 12) to base 16.
cc6b4
-2361b (base 16) to base 5
-14114143
16563147 (base 8) to base 12
1361a07
110100101110011011 (base 2) to base 3
101222020122
What is -6cb80 (base 13) in base 4?
-300300031
11101465 (base 7) to base 5
221133320
Convert -3d08b (base 16) to base 6.
-5205215
Convert -1023461 (base 10) to base 5.
-230222321
213030030 (base 5) to base 6
31244204
-40524332 (base 6) to base 16
-11bbe0
Convert 156105 (base 13) to base 11.
330314
Convert -349671 (base 10) to base 3.
-122202122210
What is 265174 (base 8) in base 12?
45850
What is -18d73 (base 16) in base 12?
-4aa6b
What is -65878 (base 10) in base 4?
-100011112
-7823015 (base 10) to base 7
-123331424
Convert -1000403333 (base 5) to base 15.
-28c82d
What is -5502104 (base 6) in base 5?
-32211012
Convert -10010000011001100 (base 2) to base 7.
-425355
What is 3403002 (base 5) in base 10?
59752
What is 37531042 (base 8) in base 6?
453544242
Convert 4b2bc (base 13) to base 3.
21001112121
-30622235 (base 7) to base 3
-11211221002112
Convert -135434014 (base 6) to base 13.
-768355
583a80 (base 12) to base 15
1cebb3
Convert -143114343 (base 5) to base 4.
-2320022230
Convert 260305 (base 8) to base 10.
90309
72755 (base 10) to base 9
120718
What is 511514 (base 8) in base 15?
35020
What is 1100111101001000 (base 2) in base 11?
36960
What is -22d707 (base 15) in base 11?
-a38312
5682172 (base 9) to base 6
145412315
Convert -39ed0a (base 15) to base 6.
-135400331
1672e (base 16) to base 5
10420300
Convert -11314102 (base 5) to base 12.
-50419
What is -11101111110011011 (base 2) in base 9?
-206371
-113179 (base 11) to base 3
-100010202200
What is -17c38c (base 15) in base 8?
-4317761
What is -375741 (base 10) in base 9?
-632370
-10111000110000100 (base 2) to base 6
-2005540
-3644136 (base 7) to base 11
-298273
-111001100001111000100100 (base 2) to base 9
-31335212
Convert -20364734 (base 8) to base 14.
-806348
What is -2275170 (base 9) in base 4?
-10230131220
What is 147621 (base 9) in base 15?
1be01
Convert -2002220112122 (base 3) to base 4.
-10101132023
Convert -1184b73 (base 16) to base 6.
-1453415255
Convert 2561056 (base 10) to base 12.
a36114
What is -101000110000110101 (base 2) in base 16?
-28c35
Convert 103370 (base 8) to base 15.
a387
-10701401 (base 8) to base 13
-6363cb
1234526 (base 8) to base 9
571557
110001111010000011 (base 2) to base 8
617203
-b13037 (base 13) to base 15
-565881
Convert -14c170 (base 14) to base 7.
-6105600
What is 102312120221 (base 4) in base 13?
10401a1
-2111320222 (base 4) to base 8
-2257052
What is -341933 (base 12) in base 3?
-1120021222110
What is 603530 (base 9) in base 5?
42410123
Convert c8dab (base 14) to base 9.
820153
211112101222202 (base 3) to base 5
11031202101
What is -952095 (base 10) in base 16?
-e871f
Convert -1349768 (base 10) to base 15.
-1b9de8
What is -218d7 (base 14) in base 11?
-5611a
What is -221000001001 (base 3) in base 6?
-14314131
Convert -2120500 (base 6) to base 2.
-11001010110110100
-1222002022 (base 5) to base 14
-560cc1
What is -35a092 (base 12) in base 10?
-867566
Convert -134414 (base 8) to base 15.
-e082
What is -121454 (base 8) in base 4?
-22030230
Convert 703542 (base 13) to base 2.
1001111100010111001101
What is 20220020100121 (base 3) in base 5?
1414300141
What is 1110001000010011010001 (base 2) in base 11?
20aa979
Convert -577412 (base 10) to base 4.
-2030332010
-101010110011101110101000 (base 2) to base 13
-242bac3
Convert abb2 (base 13) to base 15.
7184
Convert -101310012 (base 5) to base 8.
-1455001
What is 4ae23 (base 16) in base 13?
a97c1
Convert -326045 (base 14) to base 3.
-10012201022220
-120101 (base 4) to base 10
-1553
43044 (base 7) to base 11
8016
Convert 29c513 (base 13) to base 4.
3322230230
13013002022 (base 4) to base 9
3450608
Convert 9bc3d (base 16) to base 8.
2336075
Convert cc965 (base 15) to base 6.
21533452
-11552404 (base 7) to base 15
-1578cd
What is 101012021021202 (base 3) in base 4?
110222302121
What is -100220546 (base 7) in base 15?
-79984b
382c791 (base 13) to base 12
5a57a86
12588580 (base 10) to base 6
1125452244
What is -110101011202 (base 3) in base 12?
-b8b92
-18250a5 (base 13) to base 14
-108a57d
-934a6 (base 16) to base 12
-251172
Convert -1a8137 (base 12) to base 13.
-136036
2712544 (base 8) to base 11
479398
Convert -123221342 (base 5) to base 15.
-bd332
What is -1132531 (base 6) in base 4?
-32121013
What is -a4b85 (base 14) in base 5?
-100204114
Convert 308546 (base 14) to base 2.
110001111100001110010
What is 84939 (base 12) in base 13?
61356
Convert -34a58 (base 11) to base 8.
-142530
Convert 1195746 (base 11) to base 4.
13321311331
What is 70825 (base 12) in base 11?
9aa40
eaa689 (base 15) to base 14
16ab9a1
What is -71257 (base 9) in base 11?
-3223a
-270a372 (base 11) to base 3
-22210222120001
Convert b165 (base 12) to base 4.
10230131
What is 3252002 (base 10) in base 14?
6091bc
32571 (base 14) to base 2
11101101111010111
7bb347 (base 13) to base 2
1011001101010001100011
Convert 10011111000101110111 (base 2) to base 4.
2133011313
-111001110100010010 (base 2) to base 11
-151a1a
80924 (base 10) to base 14
216c4
What is -27477164 (base 8) in base 4?
-113213321310
Convert 32333226 (base 7) to base 16.
2a2f9a
49143b (base 13) to base 4
12222003320
What is 9a7a2 (base 12) in base 2?
110010000011101010
What is -5730307 (base 8) in base 9?
-2825662
Convert -224316 (base 10) to base 15.
-466e6
Convert 141166 (base 11) to base 2.
110101111111010011
-173a562 (base 11) to base 10
-2956824
Convert -11000110000000011111100 (base 2) to base 13.
-1462353
Convert 1806843 (base 14) to base 5.
11013201334
11a719 (base 11) to base 8
562655
Convert -4021214 (base 6) to base 5.
-22031024
Convert 111101000110001101100 (base 2) to base 12.
8066b8
Convert 117b32 (base 13) to base 9.
705171
What is 1156003 (base 7) in base 14?
3c1aa
Convert -12021200112211 (base 3) to base 15.
-3a723d
What is 971123 (base 12) in base 11?
1390051
Convert 2363401 (base